{"id":395,"date":"2017-02-27T10:32:29","date_gmt":"2017-02-27T09:32:29","guid":{"rendered":"http:\/\/www.chateau-grinou.com\/?page_id=395"},"modified":"2017-02-27T10:38:54","modified_gmt":"2017-02-27T09:38:54","slug":"presentation-of-chateau-grinou-vignery","status":"publish","type":"page","link":"https:\/\/www.chateau-grinou.com\/index.php\/presentation-of-chateau-grinou-vignery\/","title":{"rendered":"Presentation of Ch\u00e2teau Grinou vignery"},"content":{"rendered":"<p>Presentation texte<\/p>\n","protected":false},"excerpt":{"rendered":"<p>Presentation texte<\/p>\n","protected":false},"author":2,"featured_media":0,"parent":0,"menu_order":0,"comment_status":"closed","ping_status":"open","template":"page-templates\/page_fullwidth.php","meta":{"ngg_post_thumbnail":0,"jetpack_post_was_ever_published":false,"footnotes":""},"yoast_head":"<!-- This site is optimized with the Yoast SEO plugin v22.6 - https:\/\/yoast.com\/wordpress\/plugins\/seo\/ -->\n<title>Pr\u00e9sentation du vignoble Ch\u00e2teau Grinou, vins Bio Appellations Bergerac<\/title>\n<meta name=\"description\" content=\"Ch\u00e2teau Grinou, des vins Bio d&#039;exceptions de Bergerac. Guy Cuisset, vous propose des vins rouges, blancs et liquoreux de grande qualit\u00e9\" \/>\n<meta name=\"robots\" content=\"index, follow, max-snippet:-1, max-image-preview:large, max-video-preview:-1\" \/>\n<link rel=\"canonical\" href=\"https:\/\/www.chateau-grinou.com\/index.php\/presentation-of-chateau-grinou-vignery\/\" \/>\n<script type=\"application\/ld+json\" class=\"yoast-schema-graph\">{\"@context\":\"https:\/\/schema.org\",\"@graph\":[{\"@type\":\"WebPage\",\"@id\":\"https:\/\/www.chateau-grinou.com\/index.php\/presentation-of-chateau-grinou-vignery\/\",\"url\":\"https:\/\/www.chateau-grinou.com\/index.php\/presentation-of-chateau-grinou-vignery\/\",\"name\":\"Pr\u00e9sentation du vignoble Ch\u00e2teau Grinou, vins Bio Appellations Bergerac\",\"isPartOf\":{\"@id\":\"https:\/\/www.chateau-grinou.com\/#website\"},\"datePublished\":\"2017-02-27T09:32:29+00:00\",\"dateModified\":\"2017-02-27T09:38:54+00:00\",\"description\":\"Ch\u00e2teau Grinou, des vins Bio d'exceptions de Bergerac. Guy Cuisset, vous propose des vins rouges, blancs et liquoreux de grande qualit\u00e9\",\"breadcrumb\":{\"@id\":\"https:\/\/www.chateau-grinou.com\/index.php\/presentation-of-chateau-grinou-vignery\/#breadcrumb\"},\"inLanguage\":\"fr-FR\",\"potentialAction\":[{\"@type\":\"ReadAction\",\"target\":[\"https:\/\/www.chateau-grinou.com\/index.php\/presentation-of-chateau-grinou-vignery\/\"]}]},{\"@type\":\"BreadcrumbList\",\"@id\":\"https:\/\/www.chateau-grinou.com\/index.php\/presentation-of-chateau-grinou-vignery\/#breadcrumb\",\"itemListElement\":[{\"@type\":\"ListItem\",\"position\":1,\"name\":\"Accueil\",\"item\":\"https:\/\/www.chateau-grinou.com\/index.php\/presentation-chateau-grinou\/\"},{\"@type\":\"ListItem\",\"position\":2,\"name\":\"Presentation of Ch\u00e2teau Grinou vignery\"}]},{\"@type\":\"WebSite\",\"@id\":\"https:\/\/www.chateau-grinou.com\/#website\",\"url\":\"https:\/\/www.chateau-grinou.com\/\",\"name\":\"Ch\u00e2teau Grinou\",\"description\":\"\",\"potentialAction\":[{\"@type\":\"SearchAction\",\"target\":{\"@type\":\"EntryPoint\",\"urlTemplate\":\"https:\/\/www.chateau-grinou.com\/?s={search_term_string}\"},\"query-input\":\"required name=search_term_string\"}],\"inLanguage\":\"fr-FR\"}]}<\/script>\n<!-- \/ Yoast SEO plugin. -->","yoast_head_json":{"title":"Pr\u00e9sentation du vignoble Ch\u00e2teau Grinou, vins Bio Appellations Bergerac","description":"Ch\u00e2teau Grinou, des vins Bio d'exceptions de Bergerac. Guy Cuisset, vous propose des vins rouges, blancs et liquoreux de grande qualit\u00e9","robots":{"index":"index","follow":"follow","max-snippet":"max-snippet:-1","max-image-preview":"max-image-preview:large","max-video-preview":"max-video-preview:-1"},"canonical":"https:\/\/www.chateau-grinou.com\/index.php\/presentation-of-chateau-grinou-vignery\/","schema":{"@context":"https:\/\/schema.org","@graph":[{"@type":"WebPage","@id":"https:\/\/www.chateau-grinou.com\/index.php\/presentation-of-chateau-grinou-vignery\/","url":"https:\/\/www.chateau-grinou.com\/index.php\/presentation-of-chateau-grinou-vignery\/","name":"Pr\u00e9sentation du vignoble Ch\u00e2teau Grinou, vins Bio Appellations Bergerac","isPartOf":{"@id":"https:\/\/www.chateau-grinou.com\/#website"},"datePublished":"2017-02-27T09:32:29+00:00","dateModified":"2017-02-27T09:38:54+00:00","description":"Ch\u00e2teau Grinou, des vins Bio d'exceptions de Bergerac. Guy Cuisset, vous propose des vins rouges, blancs et liquoreux de grande qualit\u00e9","breadcrumb":{"@id":"https:\/\/www.chateau-grinou.com\/index.php\/presentation-of-chateau-grinou-vignery\/#breadcrumb"},"inLanguage":"fr-FR","potentialAction":[{"@type":"ReadAction","target":["https:\/\/www.chateau-grinou.com\/index.php\/presentation-of-chateau-grinou-vignery\/"]}]},{"@type":"BreadcrumbList","@id":"https:\/\/www.chateau-grinou.com\/index.php\/presentation-of-chateau-grinou-vignery\/#breadcrumb","itemListElement":[{"@type":"ListItem","position":1,"name":"Accueil","item":"https:\/\/www.chateau-grinou.com\/index.php\/presentation-chateau-grinou\/"},{"@type":"ListItem","position":2,"name":"Presentation of Ch\u00e2teau Grinou vignery"}]},{"@type":"WebSite","@id":"https:\/\/www.chateau-grinou.com\/#website","url":"https:\/\/www.chateau-grinou.com\/","name":"Ch\u00e2teau Grinou","description":"","potentialAction":[{"@type":"SearchAction","target":{"@type":"EntryPoint","urlTemplate":"https:\/\/www.chateau-grinou.com\/?s={search_term_string}"},"query-input":"required name=search_term_string"}],"inLanguage":"fr-FR"}]}},"jetpack_sharing_enabled":true,"jetpack_shortlink":"https:\/\/wp.me\/P8gead-6n","jetpack-related-posts":[],"_links":{"self":[{"href":"https:\/\/www.chateau-grinou.com\/index.php\/wp-json\/wp\/v2\/pages\/395"}],"collection":[{"href":"https:\/\/www.chateau-grinou.com\/index.php\/wp-json\/wp\/v2\/pages"}],"about":[{"href":"https:\/\/www.chateau-grinou.com\/index.php\/wp-json\/wp\/v2\/types\/page"}],"author":[{"embeddable":true,"href":"https:\/\/www.chateau-grinou.com\/index.php\/wp-json\/wp\/v2\/users\/2"}],"replies":[{"embeddable":true,"href":"https:\/\/www.chateau-grinou.com\/index.php\/wp-json\/wp\/v2\/comments?post=395"}],"version-history":[{"count":1,"href":"https:\/\/www.chateau-grinou.com\/index.php\/wp-json\/wp\/v2\/pages\/395\/revisions"}],"predecessor-version":[{"id":396,"href":"https:\/\/www.chateau-grinou.com\/index.php\/wp-json\/wp\/v2\/pages\/395\/revisions\/396"}],"wp:attachment":[{"href":"https:\/\/www.chateau-grinou.com\/index.php\/wp-json\/wp\/v2\/media?parent=395"}],"curies":[{"name":"wp","href":"https:\/\/api.w.org\/{rel}","templated":true}]}}